vide 269231540?
True
Does 6 divide 120591382?
False
Is 2866566 a multiple of 5?
False
Does 3222 divide 50154495?
False
Is 1207 a factor of 183431093?
False
Is 8 a factor of 85352988?
False
Is 489 a factor of 50292024?
False
Does 18 divide 1623454435?
False
Does 20 divide 28532380?
True
Does 30 divide 274345051?
False
Is 2814 a factor of 799443330?
True
Is 263 a factor of 94136379?
True
Is 2 a factor of 53881279?
False
Does 4693 divide 469783428?
False
Does 39 divide 7566624?
True
Is 25 a factor of 6496193?
False
Is 12 a factor of 458339952?
True
Does 15 divide 130491506?
False
Is 5139 a factor of 56013558?
False
Is 113219537 a multiple of 2037?
False
Does 65 divide 1267707316?
False
Is 13454358 a multiple of 16?
False
Does 70 divide 7853090?
True
Is 228 a factor of 1235872877?
False
Is 447 a factor of 1177325586?
True
Is 4003066744 a multiple of 2168?
True
Is 136070103 a multiple of 43?
True
Does 1282 divide 252184784?
True
Is 903 a factor of 46916074?
False
Is 3311 a factor of 136009258?
True
Does 46 divide 106614223?
False
Is 229 a factor of 142387849?
True
Does 36 divide 653116366?
False
Does 33 divide 176270754?
True
Is 18 a factor of 62852507?
False
Is 903 a factor of 15352985?
False
Does 52 divide 15364752?
True
Does 59 divide 35904273?
True
Does 52 divide 80079586?
False
Does 27 divide 50400954?
True
Is 143 a factor of 25143379?
False
Does 576 divide 298363968?
True
Is 76 a factor of 671296341?
False
Is 239 a factor of 977027?
False
Does 1179 divide 633973297?
False
Does 21 divide 78631071?
False
Does 24 divide 65218042?
False
Is 54086305 a multiple of 14?
False
Does 46 divide 2671280536?
True
Is 773203612 a multiple of 62?
True
Does 6 divide 6500664?
True
Does 438 divide 244302200?
False
Does 21 divide 11216835?
True
Is 20655441 a multiple of 359?
False
Does 20 divide 1288425980?
True
Does 17 divide 1644490724?
False
Is 105530722 a multiple of 11?
True
Does 11 divide 1543366?
True
Does 8 divide 84519992?
True
Does 6 divide 205951527?
False
Does 3 divide 114444735?
True
Does 539 divide 23658327?
True
Is 1233 a factor of 66556107?
True
Is 237 a factor of 46850417?
False
Does 10 divide 308855100?
True
Does 69 divide 70945794?
False
Is 253 a factor of 50951772?
False
Is 166 a factor of 345209431?
False
Is 132 a factor of 2129401029?
False
Is 20 a factor of 354237460?
True
Is 15 a factor of 317372580?
True
Is 12 a factor of 1001861460?
True
Is 38964549 a multiple of 58?
False
Does 4 divide 7857228?
True
Is 2847 a factor of 32845839?
True
Is 1536 a factor of 21013667?
False
Is 22 a factor of 395217966?
True
Is 13 a factor of 440524304?
False
Is 1511465605 a multiple of 4138?
False
Does 3163 divide 1658376715?
True
Is 26 a factor of 38865134?
False
Does 156 divide 383643468?
True
Is 4544959320 a multiple of 198?
True
Is 33174648 a multiple of 18?
True
Does 910 divide 60868?
False
Is 966 a factor of 37029506?
False
Is 860193432 a multiple of 196?
True
Does 1117 divide 3556852077?
False
Does 195 divide 107591835?
True
Is 9088056 a multiple of 281?
False
Does 3 divide 31199383?
False
Is 176216839 a multiple of 11?
False
Is 571596850 a multiple of 2150?
True
Is 499 a factor of 5099652?
False
Is 4040 a factor of 2716634681?
False
Does 8423 divide 2754263040?
False
Is 40757634 a multiple of 82?
False
Is 117395537 a multiple of 61?
True
Does 7 divide 160647907?
True
Does 11 divide 72222749?
False
Is 25 a factor of 2376250?
True
Is 437959686 a multiple of 674?
False
Does 365 divide 49328389?
False
Is 140 a factor of 9485140?
True
Is 98 a factor of 2493854509?
False
Is 41 a factor of 5384686512?
False
Does 1369 divide 135280473?
True
Is 79904252 a multiple of 284?
True
Is 3065632 a multiple of 9?
False
Does 141 divide 91648308?
True
Does 59 divide 33912425?
False
Is 44109623 a multiple of 1270?
False
Is 6 a factor of 132408042?
True
Does 552 divide 173132592?
True
Does 659 divide 34260751?
True
Does 35 divide 13179440?
False
Is 22112127 a multiple of 1929?
True
Does 651 divide 37628231?
False
Does 15 divide 39366639?
False
Is 1423741788 a multiple of 174?
False
Does 121 divide 933152?
True
Is 203051805 a multiple of 129?
True
Does 1427 divide 38636025?
True
Is 158651400 a multiple of 300?
True
Does 330 divide 42121200?
True
Is 42 a factor of 316038131?
False
Does 107 divide 143166?
True
Is 88265268 a multiple of 12?
True
Is 320 a factor of 10394706?
False
Is 1427 a factor of 13816236?
False
Does 12 divide 3326712768?
True
Is 32362863 a multiple of 109?
True
Is 444389 a multiple of 781?
True
Is 84459480 a multiple of 10?
True
Is 22782421 a multiple of 83?
True
Is 56819971 a multiple of 13?
True
Does 3731 divide 428244266?
False
Is 14 a factor of 10622556?
True
Does 765 divide 493921485?
True
Does 1120 divide 192105962?
False
Is 9887664 a multiple of 2?
True
Does 18 divide 3750557?
False
Does 3 divide 210961344?
True
Is 68 a factor of 373084152?
False
Does 120 divide 60156000?
True
Does 23 divide 2028338870?
False
Does 1119 divide 259268423?
False
Does 14 divide 608827979?
False
Does 1338 divide 264586716?
False
Is 10 a factor of 557300520?
True
Is 2779 a factor of 131161792?
False
Is 11 a factor of 39091645?
False
Is 219456025 a multiple of 9?
False
Is 1021793875 a multiple of 1055?
True
Is 33 a factor of 28314231?
True
Is 75 a factor of 157714069?
False
Does 53 divide 55144274?
True
Is 165557748 a multiple of 25?
False
Does 6296 divide 1129319816?
True
Does 1182 divide 68855046?
True
Is 6 a factor of 535886236?
False
Is 124 a factor of 402406281?
False
Is 126917415 a multiple of 3768?
False
Is 55 a factor of 205228391?
False
Does 694 divide 1020665106?
True
Is 435 a factor of 2166546645?
True
Does 1546 divide 122134?
True
Is 5 a factor of 5450700?
True
Is 299014826 a multiple of 510?
False
Is 6282108 a multiple of 291?
True
Is 169304558 a multiple of 46?
False
Is 256 a factor of 4931328?
True
Is 12720360 a multiple of 355?
True
Is 44830564 a multiple of 17?
True
Is 11 a factor of 942136943?
True
Is 161203322 a multiple of 18?
False
Is 1739783075 a multiple of 39?
False
Does 203 divide 55389971?
True
Does 17 divide 3190662?
True
Is 661253105 a multiple of 4212?
False
Is 3 a factor of 4247?
False
Does 8 divide 2335912?
True
Is 37 a factor of 715466433?
False
Is 69691820 a multiple of 220?
True
Does 980 divide 70267960?
True
Is 146000511 a multiple of 101?
False
Does 25 divide 149196625?
True
Does 31 divide 8878030?
False
Is 9270387 a multiple of 123?
True
Is 218 a factor of 53018908?
True
Is 169 a factor of 19743425?
True
Is 24700113 a multiple of 1039?
False
Does 100 divide 810630100?
True
Is 154772683 a multiple of 179?
False
Is 807803778 a multiple of 17?
False
Is 7591 a factor of 686441637?
False
Is 394928072 a multiple of 6314?
True
Does 6 divide 7174134?
True
Is 35 a factor of 57772927?
False
Is 480275425 a multiple of 850?
False
Is 953745258 a multiple of 19?
False
Is 7741215 a multiple of 4?
False
Is 107000296 a multiple of 489?
False
Does 711 divide 1852691679?
False
Is 33395920 a multiple of 127?
True
Is 276353808 a multiple of 16?
True
Does 129 divide 3580008?
True
Is 502988313 a multiple of 47?
True
Is 77218080 a multiple of 136?
True
Is 230 a factor of 233784545?
False
Does 7497 divide 984573513?
True
Does 70 divide 1713898970?
True
Is 98142495 a multiple of 363?
True
Does 11 divide 393413592?
True
Is 810 a factor of 281602980?
True
Does 1856 divide 1290638272?
True
Is 3372 a factor of 1565909592?
True
Does 33 divide 1997728185?
False
Is 1333 a factor of 712274225?
False
Is 123810764 a multiple of 38?
True
Is 355496321 a multiple of 2571?
False
Does 10 divide 27217910?
True
Is 47 a factor of 3221851?
False
Does 6 divide 28158678?
True
Does 871 divide 157164253?
False
Is 322 a factor of 160214964?
True
Is 8 a factor of 596362766?
False
Is 21768420 a multiple of 10?
True
Is 20985926 a multiple of 1308?
False
Is 281630895 a multiple of 3835?
True
Is 3638 a factor of 1267362784?
True
Is 64 a factor of 102636748?
False
Is 156 a factor of 2430975544?
False
Is 89874070 a multiple of 2827?
False
Is 4 a factor of 43079928?
True
Is 55940710 a multiple of 290?
True
Is 230 a factor of 367982898?
False
Does 991 divide 45670235?
True
Does 56 divide 1512130384?
False
Does 10 divide 35838124?
False
Is 7 a factor of 3167206?
True
Does 12 divide 2940336